ctor of 10 and h?
10
Let l = 112 + 64. Calculate the highest common divisor of 16 and l.
16
Suppose -3*r + 17 + 19 = 0. What is the greatest common divisor of 48 and r?
12
Suppose -4*l + 11 = -1. Let r be l + (-1)/(-1) - 3. What is the highest common divisor of r and 2?
1
Suppose 5*x - 9 = 2*x. Let v = -1 + x. Suppose v*b + b = 57. What is the highest common factor of 57 and b?
19
Suppose -3*l + 9 = -f, 95 = -4*f - l + 33. Let o = 25 + f. Let z(j) = 9*j - 6. Let t be z(4). What is the greatest common divisor of o and t?
10
Let o = -58 + 74. What is the highest common divisor of o and 64?
16
Let b be (3 - 4) + 2 + 28. Calculate the greatest common divisor of b and 29.
29
Let d = 5 + -2. Let y be (d/2)/3*90. Suppose f - 2*f + 18 = 0. Calculate the greatest common divisor of f and y.
9
Suppose 5*x + 0*x - 195 = 0. What is the greatest common factor of x and 26?
13
Let d(g) = -g - 3. Let c be d(-7). Let v be 48/(-20)*5*1/(-2). What is the greatest common divisor of v and c?
2
Suppose 2*d = -1 + 11. Let y(g) = 5*g**2 + d*g**2 - 4*g**2. Let z be y(1). What is the greatest common factor of z and 48?
6
Let z be ((-3)/5)/(1/(-5)). Suppose -s + 0*r + 6 = -2*r, -3*r = -z*s + 15. Let g = 5 - s. Calculate the highest common factor of 11 and g.
1
Suppose -2*g + 2*d + 242 = 0, -6*d + 500 = 4*g - 2*d. Calculate the greatest common divisor of g and 82.
41
Let m(x) = -3*x + 2. Let q = -8 + 5. Let z be m(q). Calculate the highest common divisor of z and 11.
11
Let u = 18 - 8. Suppose 4*j - 4*r - 277 = -5*r, 3*r + 79 = j. Suppose -5*m = -q + 40 + j, 5*q + 5*m - 550 = 0. What is the greatest common divisor of u and q?
10
Suppose 4*u - 1630 = -5*g - 0*g, 619 = 2*g - 5*u. Let k = g - 203. Suppose -3*b + 581 = k. Calculate the greatest common divisor of 14 and b.
14
Suppose -2*i + 7*i - 130 = 0. Calculate the highest common factor of 286 and i.
26
Suppose 2*c - 120 = -2*o, 6*o - 2*c = o + 328. What is the highest common divisor of 8 and o?
8
Let u = -49 + 57. What is the highest common divisor of 56 and u?
8
Let y be 50/(4 + (-2)/1). Let i be 2 + 4 + (-2 - -1). What is the highest common factor of y and i?
5
Suppose 2*p + 9 = -0*y + y, -5*y + p + 90 = 0. What is the highest common divisor of 95 and y?
19
Suppose 2*n - 183 = -4*i - i, n = 4. Calculate the highest common factor of i and 5.
5
Let j(d) = d + 4. Let c be j(0). Let f = c - 2. Suppose -11 = -s + l, -f*l - l = -s + 19. What is the highest common divisor of s and 49?
7
Let z = 1 + -2. Let y be -2*z/1 + 24. Calculate the greatest common divisor of y and 13.
13
Suppose -2*o + 3*a + 5 = -19, -3*o + 22 = -a. Calculate the greatest common factor of o and 18.
6
Let d = 78 - 72. Calculate the highest common factor of 6 and d.
6
Suppose -70 = -5*f + 5*i, -3*i = 5*f - 2*f - 18. Calculate the highest common divisor of 80 and f.
10
Suppose 0 = 3*a - 15, -t - 4*t + 430 = 2*a. Let g = 119 - t. Calculate the greatest common factor of 7 and g.
7
Let x = -2 - 2. Let q be x*(1 + (-1)/2). Let f be (2 + q - 2)*-4. Calculate the highest common divisor of 40 and f.
8
Suppose -3*p - p = -128. Suppose 4*l - p - 4 = 0. What is the greatest common factor of l and 81?
9
Let k = -120 - -192. What is the greatest common divisor of k and 8?
8
Let w be 0*(6/(-4) - -2). Let b be 0 - w - (-45)/3. Suppose -y = 3*q - 11, -13 = -q + 2*y - 0*y. Calculate the highest common divisor of q and b.
5
Let x(h) = -h**3 - 5*h - 2. Let d be x(-3). What is the greatest common factor of 5 and d?
5
Let u be (0 - 4/6)*-6. Suppose 5*k - 161 - 1 = -m, -4*k - 5*m + 117 = 0. Let d = 69 - k. Calculate the highest common factor of d and u.
4
Let z be 13 + -2*(-2)/(-4). Calculate the highest common divisor of 48 and z.
12
Suppose 131 + 157 = 4*t. Calculate the greatest common divisor of t and 24.
24
Suppose a - 114 = -2*u, a - 283 = -5*u - a. Suppose 9 = s - 2. What is the greatest common divisor of s and u?
11
Suppose -4*v - 156 = -3*i - 2*i, -5*v = -4*i + 132. What is the greatest common factor of 42 and i?
14
Suppose 2*n = 22 + 8. Calculate the highest common divisor of 10 and n.
5
Let u be 5 - 1/(1 + -2). Suppose -j + u*j = 425. Let d be 3/(-2)*68/(-6). What is the highest common divisor of j and d?
17
Let g be (-14 - -21) + 1 + 58. Suppose 29 + 11 = 5*x. Let q be 1/(-4) + 50/x. What is the highest common factor of g and q?
6
Let i = 67 - 19. Let t be (5/(-15))/((-2)/i). Calculate the highest common divisor of t and 8.
8
Let u(p) = -p**3 - 2*p**2 + 3*p + 2. Let c be u(-3). Let m be (17 - 2 - c)/1. Suppose 20 + m = 3*f. Calculate the greatest common divisor of f and 77.
11
Suppose -3*m - 2*m = -110. Suppose 0 = -4*r + 3*j - 67 - 23, 0 = -r + j - m. Let u be ((-4)/(-3))/((-4)/r). Calculate the highest common factor of u and 32.
8
Let n(a) = -a**3 + 6*a**2 + 3*a + 6. Let y be n(5). Let z = y - -1. Let h = z - 27. What is the highest common factor of h and 4?
4
Suppose 4*g - 4*s = 24, 29 = 4*g - 3*s - 0*s. Let j(l) = 3*l + 2. Suppose 0 = -3*u + 3 + 6. Let b be j(u). Calculate the greatest common divisor of g and b.
11
Suppose -3*w - 2*w - 2*v = -210, 0 = -5*v. Calculate the highest common factor of 168 and w.
42
Suppose -3*p = -5*v + 1274, 2*v = 4*p - 7*p + 518. What is the greatest common factor of v and 16?
16
Let s(q) = -q**3 - 7*q**2 + 7*q - 9. Let h be s(-8). Let r be 5 + -2 + 4 + h. What is the greatest common divisor of 9 and r?
3
Suppose 9 = r - 27. Let p = 64 - 55. Calculate the highest common factor of p and r.
9
Suppose 0 = 5*f - 3*x - 29 - 108, 2*f + 5*x - 61 = 0. What is the highest common divisor of 84 and f?
28
Suppose 0 + 3 = l. Suppose 0 = -2*n + m + 13, -5*m - 16 + l = 3*n. Calculate the highest common divisor of 1 and n.
1
Let s = 6 - -59. Suppose -z = 4*z - 750. Suppose 3*o + 45 = 5*q - 73, -5*q + z = 5*o. Calculate the greatest common factor of s and q.
13
Suppose -2*x = s + 233, -x = -0*s + 2*s + 115. Suppose -o + 217 = 4*f, 2*o - 5*f = 3*o - 220. Let t = o + x. What is the greatest common factor of t and 8?
8
Suppose 3*v = -2*t + 82, v + 2*t = -2*t + 44. Let b = 56 - -13. Suppose 3*f = -3*n + 120 + b, 129 = 2*n + 3*f. Calculate the highest common factor of n and v.
12
Let d be 1148/26 + 2/(-13). Let k = 13 - 9. What is the highest common factor of k and d?
4
Suppose -5*t = -3*x - 5, 5*t - 10 = 2*x - 0*x. Calculate the greatest common factor of t and 68.
4
Suppose 2*u + 56 = -4*b, 5*u - 42 = 3*b + u. Let z = 1 + b. Let f = -1 - z. What is the highest common factor of f and 108?
12
Suppose 5*u + 12 = -z, -3*z = -2*u - 5*z. Let f be -2 - u - (0 - 1). Let c be (0 - -16)/(1/f). What is the highest common factor of c and 48?
16
Let j be (-3 + 57/15)/(10/975). Calculate the highest common divisor of 52 and j.
26
Let g be (-675)/(-12) + (-8)/32. Calculate the highest common divisor of 8 and g.
8
Let j(u) = 3*u - 7. Let d be j(3). Calculate the greatest common factor of d and 6.
2
Suppose 4*j = j + 15. Let d(h) = h**2 - h + 2. Let w be d(j). What is the greatest common divisor of w and 242?
22
Suppose n - 5*u = 131, -2*n + 181 + 53 = 4*u. What is the highest common divisor of n and 11?
11
Let h be 2/(-3)*(-117)/3 - -2. Calculate the greatest common divisor of 154 and h.
14
Suppose 0 + 24 = k. Let p(r) = r**3 - 2*r**2 - 4*r - 4. Let g be p(4). What is the greatest common factor of k and g?
12
Let p = 11 - 4. Let a be (2 - p)*-10 + 0. What is the greatest common factor of a and 10?
10
Let y(a) = -4*a + 7. Let o = 13 + -19. Let b be y(o). Suppose -2*i + 25 = 5*t + 3*i, b = 2*t - 5*i. Calculate the greatest common divisor of 48 and t.
8
Suppose -3*c + c = -2*q + 6, 0 = c. Let v be (-1 - 9/(-6))/((-13)/(-546)). What is the highest common divisor of q and v?
3
Suppose s - p = 1 + 5, 6 = -2*p. Let a = 8 - 4. Let w be 2/a*-2*-15. What is the highest common divisor of w and s?
3
Let v be (-6)/(-54)*6 - 510/9. Let a(d) = -34*d**3 + d**2 - 1. Let s be a(1). Let h = s - v. Calculate the greatest common divisor of h and 11.
11
Let n(l) = l**2 + 9*l - 8. Let x be n(-7). Let y = x + 12. Let w be (21 + 1)*(-5)/y. What is the greatest common divisor of w and 88?
11
Let g(c) = 3*c + 21. Let l be g(-4). Calculate the highest common divisor of l and 99.
9
Suppose 3*f - f = 12. Let d be -2*((-12)/28)/((-2)/(-7)). What is the highest common factor of f and d?
3
Suppos